of 69360 and 695?
5
What is the greatest common divisor of 78 and 6267014?
26
What is the highest common factor of 3 and 2344669?
1
What is the greatest common factor of 819 and 10830365?
91
Calculate the greatest common factor of 9648795 and 390.
195
What is the greatest common divisor of 57912404 and 68?
68
Calculate the highest common divisor of 132822 and 15698.
94
What is the greatest common divisor of 502157 and 4614?
769
What is the greatest common factor of 2489141 and 172?
43
Calculate the highest common divisor of 2811 and 112967531.
937
Calculate the greatest common divisor of 87091 and 21008107.
799
What is the highest common divisor of 94254 and 8349?
69
Calculate the greatest common divisor of 3773 and 1486111.
11
What is the greatest common divisor of 5535 and 1442421?
1107
Calculate the highest common factor of 2832615 and 31635.
855
What is the greatest common factor of 52210345 and 2530?
1265
What is the greatest common factor of 1359974 and 123662?
154
What is the highest common factor of 117802496 and 29568?
896
What is the greatest common divisor of 880 and 1495856?
16
What is the greatest common factor of 360064008 and 18?
18
Calculate the highest common factor of 59195502 and 2136.
534
Calculate the greatest common divisor of 51719699 and 412.
103
What is the greatest common divisor of 3948 and 337836?
564
What is the greatest common factor of 33993864 and 7005?
1401
What is the highest common factor of 9295 and 6655?
55
Calculate the highest common divisor of 2964086 and 4.
2
What is the highest common factor of 35525 and 37410275?
1225
What is the highest common factor of 92393 and 106463?
469
What is the highest common factor of 1530 and 2505?
15
Calculate the greatest common divisor of 1643 and 19522033.
31
What is the greatest common factor of 487083 and 17175?
687
What is the highest common divisor of 2 and 2690235?
1
What is the highest common factor of 68 and 587231?
17
What is the highest common divisor of 5974363 and 1?
1
Calculate the highest common divisor of 28905525 and 5610.
2805
What is the highest common divisor of 7578634 and 9996?
1666
What is the greatest common divisor of 10800 and 3355600?
400
Calculate the highest common factor of 9854 and 2077140.
26
What is the highest common divisor of 11999243 and 25665?
1711
Calculate the greatest common factor of 28680040 and 200.
40
Calculate the highest common factor of 30 and 4971198.
6
Calculate the highest common divisor of 52151478 and 24.
6
Calculate the highest common factor of 28608 and 6206297.
149
Calculate the highest common factor of 2830 and 4770410.
10
Calculate the greatest common divisor of 398275 and 1630.
5
Calculate the greatest common factor of 198 and 22629078.
18
Calculate the greatest common divisor of 313686625 and 875.
875
Calculate the highest common factor of 4260 and 1649316.
12
Calculate the greatest common factor of 4224 and 1468644.
12
Calculate the highest common factor of 981059 and 1310.
131
Calculate the highest common factor of 5229 and 1532678.
581
Calculate the highest common factor of 55795812 and 16.
4
What is the greatest common divisor of 1169097 and 3?
3
What is the greatest common divisor of 1346448 and 3?
3
What is the highest common divisor of 1040 and 5702944?
208
Calculate the highest common divisor of 1184 and 490648.
8
Calculate the highest common factor of 422609 and 6663272.
4103
Calculate the greatest common divisor of 607668 and 696.
12
Calculate the highest common divisor of 215391 and 235400.
1177
Calculate the greatest common divisor of 4781392 and 121.
11
Calculate the highest common divisor of 80 and 14055096.
8
What is the highest common divisor of 19365456 and 3168?
528
What is the highest common divisor of 702 and 4203472?
26
What is the greatest common divisor of 3230222 and 3064?
766
Calculate the greatest common factor of 11927448 and 56394.
234
What is the highest common factor of 1126171 and 165637?
73
Calculate the highest common factor of 100 and 1716100.
100
Calculate the highest common divisor of 3544098 and 653172.
474
Calculate the greatest common divisor of 625 and 54480.
5
Calculate the highest common factor of 1612 and 239122468.
1612
Calculate the greatest common factor of 134 and 3800709.
67
What is the highest common factor of 14002260 and 996?
12
What is the greatest common factor of 2684 and 52991554?
1342
Calculate the greatest common divisor of 743294 and 80696.
262
Calculate the highest common divisor of 103647663 and 18.
9
What is the highest common divisor of 1131172 and 18389?
497
What is the highest common factor of 2220 and 164137180?
740
What is the greatest common divisor of 56620673 and 87?
29
Calculate the greatest common factor of 4561 and 8.
1
What is the greatest common divisor of 74690960 and 917?
131
What is the highest common divisor of 169 and 6214286?
13
What is the greatest common factor of 950620 and 9512?
116
What is the highest common divisor of 432349362 and 90958?
12994
Calculate the greatest common factor of 52555482 and 63.
63
Calculate the highest common divisor of 33204852 and 24.
12
What is the greatest common divisor of 13560 and 1080218980?
2260
What is the greatest common factor of 147862 and 155194?
1222
Calculate the greatest common factor of 798466387 and 17.
17
Calculate the greatest common factor of 2672 and 871740334.
334
What is the highest common factor of 137382444 and 6372?
2124
What is the highest common divisor of 58 and 84845793?
29
What is the greatest common divisor of 2625 and 3520293?
21
What is the highest common factor of 236635008 and 1928?
1928
Calculate the greatest common factor of 10148565 and 361.
19
What is the highest common divisor of 4674516 and 5280?
132
Calculate the greatest common factor of 228947 and 1418113.
283
What is the greatest common divisor of 56945 and 467028723?
11389
Calculate the highest common factor of 2852 and 5456124.
124
Calculate the highest common divisor of 90244 and 169092.
308
Calculate the greatest common divisor of 33733777 and 1582.
791
Calculate the highest common divisor of 29417 and 8372.
23
Calculate the highest common factor of 25326928 and 8272.
176
What is the greatest common factor of 19519460 and 13640?
620
What is the greatest common divisor of 72166428 and 5994?
666
Calculate the highest common divisor of 2059357 and 16136.
2017
Calculate the highest common factor of 50020036 and 44.
44
Calculate the greatest common factor of 100454928 and 23744.
5936
What is the highest common factor of 29137019 and 205?
41
What is the greatest common divisor of 3289 and 1100385?
143
Calculate the greatest common factor of 2828375 and 27625.
2125
Calculate the greatest common divisor of 3904 and 3920104.
488
Calculate the highest common divisor of 749235 and 2835045.
3765
Calculate the greatest common divisor of 648565 and 2565.
95
Calculate the greatest common divisor of 57 and 12049.
1
Calculate the greatest common factor of 20548 and 501558.
934
Calculate the greatest common divisor of 85 and 45065640.
85
What is the highest common factor of 34255 and 1058590?
1105
Calculate the greatest common factor of 7050 and 156651.
141
Calculate the highest common factor of 11033 and 1310782.
11
What is the highest common factor of 424211 and 13943?
191
What is the highest common factor of 5052 and 30334734?
2526
Calculate the greatest common divisor of 390611484 and 567.
81
Calculate the highest common divisor of 464475 and 122925.
825
What is the greatest common divisor of 32 and 3635568?
16
Calculate the greatest common factor of 1667176 and 5537.
49
What is the highest common divisor of 2 and 5619181?
1
What is the greatest common factor of 11499103 and 12397?
1771
Calculate the highest common factor of 2430 and 2235.
15
Calculate the highest common factor of 2220 and 2810790840.
2220
What is the highest common divisor of 2661714419 and 91?
91
What is the greatest common divisor of 187839 and 12?
3
Calculate the highest common divisor of 74221855 and 10745.
1535
What is the greatest common divisor of 22850 and 7255450?
50
What is the highest common factor of 3576525960 and 3570?
3570
Calculate the highest common factor of 633338 and 1559141.
2017
What is the highest common divisor of 1745281